*n = -20*n - 800. Let k = n + j. Calculate the remainder when k is divided by 14.
13
Let y = -7403 + 7518. What is the remainder when 155 is divided by y?
40
Let a(c) = 67*c**2 + 120*c + 4. Calculate the remainder when a(5) is divided by 754.
17
Let n = 81 - 61. What is the remainder when (-5)/(3 - 64/n - 0) is divided by (7/4)/((-9)/(-36))?
4
What is the remainder when 7676/7 - ((-34)/63 + (-55)/(-495)) is divided by 548?
1
Suppose 3246 = 6*b + 41*b + 379. Calculate the remainder when 1824 is divided by b.
55
Suppose -746*a + 117 = -755*a. Calculate the remainder when 363 is divided by (-795)/a + (-32)/208.
58
Let p = 165 - 160. Suppose 512 = p*l + 187. What is the remainder when l is divided by 22?
21
Let j be 30/9*6/5. Let d be j - (-2 - (4 - 6)). Suppose -t - 56 = -3*t - d*k, -5*t - 3*k = -126. Calculate the remainder when 46 is divided by t.
22
Let r = 61 - -77. Suppose -6*w = -w + h + 474, 4*w + h + 379 = 0. Let t = w + r. Calculate the remainder when t is divided by 9.
7
Suppose 4*s - 8 = 0, s - 3 = -w - 0*w. Calculate the remainder when 375 is divided by w.
0
What is the remainder when 121 is divided by ((-4)/(-21) + 1/7)/((-71)/(-12567))?
3
Suppose 13*w - 22103 = 42338. What is the remainder when w is divided by 8?
5
Suppose -183 = -2*u + 5*z, 4*z = -u + 32 + 27. Let o(m) = -103*m - 7921. Calculate the remainder when u is divided by o(-77).
9
What is the remainder when 858 is divided by (24 - (5 - -18)) + 11?
6
Suppose -3*n = -3*q - 267, 3*n + 3*q - 261 = 18. Let s = 22 + n. What is the remainder when s is divided by 30?
23
Suppose 4*w = -5*z + 1789, -253 = -w - 5*z + 213. Let p = 470 - w. Calculate the remainder when 288 is divided by p.
27
Let g = 12 + 269. What is the remainder when g is divided by 18?
11
Let a = -18359 - -18362. What is the remainder when 213 is divided by a?
0
Suppose -4584 - 5658 = 18*j. Let o = j + 604. Calculate the remainder when 168 is divided by o.
28
Suppose 4*t = -12, 3*s + t + 3 = 6. What is the remainder when s - 4 - 88*-1 is divided by 13?
8
Let n = 41 - 36. Suppose 4*b - 5*z + 123 = 424, -n*z = 5. What is the remainder when b is divided by (-2541)/(-165) - (0 - (-4)/10)?
14
Let t = -46 + 64. Let y(x) be the second derivative of x**3/6 - 3*x**2 + 3489*x. Calculate the remainder when 47 is divided by y(t).
11
Suppose -2*p + 4*f - 8*f = -2220, p + 3*f = 1118. Calculate the remainder when p is divided by 20.
14
Let i(l) = l**2 + 20*l - 23. Let a be i(-21). Calculate the remainder when (-1)/a - (-1771)/22 - -3 is divided by 24.
12
Suppose -628 = -4*a + l, -l - 1793 = -5*a - 1008. What is the remainder when 784 is divided by a?
156
Let y(c) = -c**3 + 44*c**2 - 198*c - 137. What is the remainder when y(25) is divided by 219?
218
Let n = 5115 - 2887. Suppose 706 = 9*m - n. Calculate the remainder when m is divided by 55.
51
Let s = 30109 - 1476. What is the remainder when s is divided by 69?
67
Suppose 0 = -4*f - 4*z - 284, 5*f + 2*z + 367 = z. Let j = f - -72. What is the remainder when 59 is divided by j/(-2) - (6 - 3)*-1?
3
Let f(w) = 621*w**2 + 40*w - 41. Let y be f(1). Suppose 0 = -3*i - 4*m + y, -3*m - 402 - 458 = -4*i. Calculate the remainder when i is divided by 108.
104
Let n = 106 + -107. Calculate the remainder when 66 is divided by (n/3)/(2*6/(-1224)).
32
Suppose -198 = -4*z - 2*p, 0*p + 2*p = 4*z - 210. Let n(u) = -11*u - 5. What is the remainder when n(-14) is divided by z?
47
Calculate the remainder when 505 is divided by -1 - (-63 - -65)/((-4)/198).
15
Let o be (-2)/27*3 + 2/9. Suppose 0 = -v - 2*l + 17, -5*v + 0*l + 3*l + 33 = 0. Suppose o = -n + v + 2. What is the remainder when 73 is divided by n?
7
Let g = -8374 - -11836. What is the remainder when g is divided by 15?
12
Let n(q) = -16*q**2 - 157*q + 2. Let z(c) = -5*c**2 - 52*c + 1. Let g(m) = -3*n(m) + 8*z(m). Calculate the remainder when 97 is divided by g(-7).
7
Let k(z) = 11*z - 2. Let a be ((-17)/(-2) + -6)*68/(-10). What is the remainder when k(4) is divided by -5 - (a + 0 + 1/1)?
9
Let c(j) = 12*j + 6. Let a be c(3). Let f = a + 0. Suppose 0*l = 3*l - f. What is the remainder when 52 is divided by l?
10
Suppose 9*n - 58 = 725. Suppose -6*k - n = -549. What is the remainder when k is divided by 18?
5
Suppose 6000 = 46*w - 6834. Calculate the remainder when 1127 is divided by w.
11
What is the remainder when ((-40)/(-12) + 0)*77985/75 is divided by 151?
144
Let y(b) = -2*b**2 - 21*b - 5. Let l be y(-10). Let o(w) = 17*w - 22. Let z(u) = -24*u**3 + 2*u**2 + u. Calculate the remainder when o(l) is divided by z(-1).
13
Let y = -126 - -61. Let f = 80 + y. What is the remainder when (5/2)/((-3)/(-66)) is divided by f?
10
Let c(a) = -14*a + 51. Let u be -10*((-19)/(-5) - (-3)/(-1)). What is the remainder when c(u) is divided by 37?
15
Let f = -97 - -99. Suppose f = -4*q + 5*q + 3*a, -q - 2 = 5*a. Suppose 10*h = 15*h - 260. What is the remainder when h is divided by q?
4
Let x(g) = g**3 + 275*g**2 - 2790*g + 3. What is the remainder when 1245 is divided by x(10)?
39
Suppose 8*v + 264 = -1056. Let b = v + 187. Calculate the remainder when b is divided by 9.
4
Calculate the remainder when 4 + (-628)/(-4)*(-23)/(-1) is divided by 16.
15
What is the remainder when 473 is divided by -13*9/(-234)*38?
17
Suppose -6*s + 881 = 8*s + 223. What is the remainder when 881 is divided by s?
35
Let o(d) = -1. Let k(x) = x + 26. Let p(v) = -k(v) + 2*o(v). Let a be p(-31). Suppose -a*r = -59 - 82. Calculate the remainder when 91 is divided by r.
44
Let k(r) = -8*r - 44. Let v be (-10)/3*45/25. Let p be k(v). Suppose -2*t + p*x = -58, t + 7 - 30 = -4*x. Calculate the remainder when 133 is divided by t.
25
Calculate the remainder when (-51 - -50)/((3/1)/(-28623)) is divided by 28.
21
Suppose 16*s = 154 - 58. Suppose -41 = 2*n - 177. What is the remainder when n is divided by s?
2
Suppose 172*p - 254 = 170*p. What is the remainder when p is divided by 76?
51
Suppose 3*j - 4 = 2. Let s(v) = -479*v + 4. Let c be s(j). What is the remainder when 125 is divided by (-1 - 6/(-5)) + c/(-30)?
29
Let j(s) = s**2 - 343*s + 2404. Calculate the remainder when j(7) is divided by 51.
1
Let f be 15/(-3)*57/12*-8. What is the remainder when (10/8)/((f/120)/19) is divided by 2?
1
Suppose 0 = 3*o - 248 + 20. Let c = o - 27. What is the remainder when c is divided by 31?
18
Suppose -2*r - 2*r = 0. Suppose p - 2*p + 1 = r. Suppose 4*v - 3*v - 1 = -2*h, 2*v = 5*h + 2. Calculate the remainder when v is divided by p.
0
Let z(n) = 11*n - 135. Let v(k) = 30*k + 6. Let h be v(-4). Calculate the remainder when (-5 + 8)/((-9)/h) is divided by z(13).
6
What is the remainder when ((8640/(-35))/(-6))/(69/21 + -3) is divided by 19?
11
Suppose -7*t - 18 = -t. Calculate the remainder when 19 is divided by 19 + -6 - (t + 9).
5
What is the remainder when (-7)/2*8532/(-63) is divided by 27?
15
Let j(n) = n**3 - 7*n**2 - 7*n + 8. Suppose 4*d - 54 = -3*l, 8 = -5*l - 2*d + 112. What is the remainder when l is divided by j(8)?
6
Suppose 176 = 5*q - o, -4*q + 2*o = -1195 + 1047. What is the remainder when 596 is divided by q?
18
Let r = -14660 - -14778. Calculate the remainder when r is divided by 39.
1
Let q(p) = -10*p**3 + 13*p**2 + 14*p - 109. Suppose -3*r - 5*a = -a - 248, 4*r = 3*a + 289. What is the remainder when q(-4) is divided by r?
75
Suppose 261 = 35*f - 194. Let s(g) = 7*g - 10. Calculate the remainder when s(7) is divided by f.
0
Suppose 2*z - 71 = -5*o, -3*o = 2*z - 71 + 10. Let f(y) = 93*y**2 - 37*y + 100. Calculate the remainder when f(3) is divided by z.
21
Suppose 14 = 14*o - 7*o. Let l = -117 + 189. Calculate the remainder when l is divided by (o/3)/(6/171*1).
15
Suppose 10*m - 54220 + 253849 = 551*m. What is the remainder when m is divided by 64?
49
Suppose 10*u = 25 + 5. Suppose h + 5*n + 6 = 23, 11 = h + u*n. Calculate the remainder when (-4 + 5 + -2)*(h - 25) is divided by 13.
10
Let v = -2275 - -2514. What is the remainder when v is divided by (90/(-35))/((-6)/56)?
23
Let g be 1 + (-40)/(-12) - 16/(-24). Suppose 8*p - 3*d - 102 = g*p, -d = 3. What is the remainder when p is divided by 16?
15
Suppose 0 = -4*v - 5*b + 74, 0 = 2*v + 4*b - 0 - 34. Suppose 3 = 2*p + 2*q - v, -2*q = p - 7. What is the remainder when 8/6*(-246)/(-4) is divided by p?
14
Suppose k + 2 = 4*q, 5*q + 